m(z) = z**2 - 2*z - 7. Let b be m(-3). What is the greatest common factor of b and 24?
8
Suppose -5*w + 18 = -a, 7*w - 4*w = -3*a + 18. Calculate the highest common factor of 8 and a.
2
Let v be (-2320)/(-15) - (-16)/12. What is the greatest common factor of 12 and v?
12
Let o(t) be the second derivative of t**3/6 + 9*t**2/2 + 6*t. Let p be o(-7). What is the highest common factor of p and 5?
1
Let f = 47 + -27. Calculate the greatest common divisor of 4 and f.
4
Suppose -4*s = -59 + 7. What is the highest common factor of s and 13?
13
Let c be (0 + 0)*1/(-2). Suppose c*j + 3*j = 6. Suppose j + 4 = i. Calculate the greatest common divisor of i and 42.
6
Let x(f) = -2*f - 2. Let o be x(2). Let n be 1*3 + o/3. Let l be (n/1)/((-3)/(-27)). What is the highest common factor of 81 and l?
9
Let i = -102 + 166. Calculate the greatest common factor of 96 and i.
32
Suppose -41 = -2*u + 13. Suppose -2*x + u = -61. What is the greatest common factor of x and 11?
11
Suppose 2*n - 33 = 31. What is the highest common divisor of n and 4?
4
Suppose -4*j + 106 = -38. Suppose -4*o + 32 = 4*v, o = 2*o + 2*v - 12. What is the highest common divisor of j and o?
4
Let m(k) = -k**3 + 10*k**2 - 7*k - 2. Suppose -3*z - f = -17 - 8, -4*f = 3*z - 19. Let n be m(z). What is the greatest common factor of n and 40?
8
Suppose -2*h + h + 3 = 0. Let k be (21/(-2))/(1/(-2)). Calculate the greatest common factor of k and h.
3
Let j(b) = 13*b + 1. Let p be j(5). What is the highest common factor of p and 99?
33
Let q = 26 + -18. Suppose 13 = -2*d - 1. Let c(p) = -7*p - 9. Let i be c(d). Calculate the greatest common factor of i and q.
8
Let d be 6*(-2 + (-14)/(-4)). Let s(o) = o + 2*o**2 - 6 - 7 + d. Let u be s(-3). Calculate the highest common factor of 121 and u.
11
Let d(q) be the second derivative of -q**3 + 9*q**2/2 - 3*q. Let j be d(-11). What is the highest common factor of 15 and j?
15
Let y(t) = -t + 6. Suppose 8 = 4*p - 8. Suppose -z + p*f + 4 = 3*z, -2*f = z + 2. Let g be y(z). Calculate the highest common divisor of g and 6.
6
Let q = 9 - 3. What is the greatest common divisor of q and 9?
3
Suppose 3*b - 2*r + 21 = 0, -r + 4*r - 9 = 2*b. Let i = -9 + b. Let y = -3 - i. Calculate the greatest common factor of y and 15.
15
Let w(m) = -10*m. Let p be w(-3). Let l = 12 - -3. What is the highest common factor of l and p?
15
Suppose -15 + 87 = 2*u. What is the highest common factor of 24 and u?
12
Suppose -2*j - 1 = -i, 2*j + i = -3*i + 14. Let g be -2 - j - -1 - -6. Calculate the highest common divisor of g and 28.
4
Suppose 7*l = 3*l - 8. Let z = 11 + l. What is the greatest common factor of z and 27?
9
Suppose 21 + 6 = q. Suppose 3*z - 54 = z. Calculate the highest common factor of q and z.
27
Let t(g) = -g**3 + 14*g**2 + 18*g - 3. Let k be t(15). Calculate the highest common divisor of 105 and k.
21
Let g(l) = -l**2 - 8*l - 7. Let a be g(-5). Let o = 6 + a. Calculate the greatest common divisor of 7 and o.
7
Let l(m) = 2*m**2 + 2*m - 5. Let j be l(-5). Suppose 3*s = -j + 686. Calculate the greatest common factor of s and 31.
31
Let r(q) = -16*q**3. Let o be r(-1). Let f = -192 - -312. Suppose -3*l = 2*l - f. What is the greatest common factor of l and o?
8
Let d(x) = 4*x - 24. Let w be d(12). Calculate the highest common divisor of w and 8.
8
Let s(v) = 3*v + 10. Let c be s(-8). Let y = 28 + c. Calculate the highest common factor of 70 and y.
14
Let n(j) = -j**2 + 11*j - 6. Let l be n(6). What is the highest common factor of 24 and l?
24
Suppose 2*z = -3*i + 6*z + 39, 5*z - 49 = -2*i. Calculate the greatest common factor of i and 187.
17
Let w = 0 - -20. Calculate the highest common divisor of 25 and w.
5
Let u(k) = 2*k + 4. Let n(b) = 8*b**2 + b + 1. Let p be n(-1). Suppose -p = -5*w + 7. Let y be u(w). Calculate the highest common factor of 25 and y.
5
Let r be (1 + -7)*(-64)/24. Calculate the greatest common divisor of 144 and r.
16
Let v be 24/3*6/8. What is the greatest common factor of 48 and v?
6
Let j(o) = o**3 - 4*o**2 + 7*o - 6. Let w be j(6). Calculate the greatest common divisor of w and 72.
36
Let b(g) = g**3 + 5*g**2 - g + 8. Let r be b(-5). What is the highest common divisor of r and 143?
13
Suppose 0 = 2*i + 2*i + 16. Let j = 4 - i. Let r be (-3 - -1)*(-76)/j. What is the highest common factor of 133 and r?
19
Let n be (3 + 3)/2 - 0. Suppose 0 = x + 4*d - 26, 8*d = -n*x + 3*d + 43. Let g(l) = -6*l. Let y be g(-8). Calculate the highest common divisor of y and x.
6
Let z be (-12)/(-78) - 3699/(-39). What is the greatest common divisor of 38 and z?
19
Suppose -55 = 5*m - 0*m. Let k = 8 + m. Let f be ((-1)/k)/(2/18). Calculate the highest common factor of f and 15.
3
Let d = -11 + 8. Let f(s) = -4*s**3 - 4*s - 4. Let r be f(d). Suppose 2*u - 80 = 4*l, 4*u + 2*l = r + 44. What is the greatest common factor of 8 and u?
8
Suppose 4 = 2*o - 6. Suppose 5*j + t = 0, -o*t + 2*t = -2*j. Suppose l + j - 4 = 0. Calculate the greatest common factor of 32 and l.
4
Let b(w) = -w**3 + w**2 - 1. Let c be b(1). Let h be (5 + c)/(2/4). What is the greatest common factor of 24 and h?
8
Let p be 39*(28/12 + -2). Suppose 24 = -5*r + 544. Calculate the greatest common factor of p and r.
13
Suppose 3*d + 2*a - 57 = -a, -49 = -3*d + 5*a. Calculate the highest common divisor of 18 and d.
18
Suppose l - 224 = 2*m, l + 4*m - 1064 = -4*l. Calculate the highest common divisor of 24 and l.
24
Suppose 5*m - 55 = -0*m - 4*w, 2*m - 10 = -4*w. Let q(j) = 12*j**2 - 7*j + 1. Let o be q(4). Calculate the highest common divisor of o and m.
15
Suppose -v + 14 = 3*a, -5*a + 30 = 3*v - 0*v. Suppose c - p + 171 = 5*c, 0 = -3*c - v*p + 107. Calculate the highest common divisor of c and 4.
4
Let d = 51 + -43. What is the greatest common divisor of 2 and d?
2
Let b = -13 - -26. Calculate the highest common factor of b and 52.
13
Let i(f) = f**2 + 4*f - 5. Let t be i(-6). Calculate the highest common divisor of 49 and t.
7
Suppose -3*c = -4*l - 0*l + 6, -3*l + 7 = -c. Suppose -g - 4 = -c*g. Calculate the highest common divisor of g and 12.
4
Let n = -32 + 41. What is the greatest common divisor of 18 and n?
9
Let f = 8 - 3. Suppose -2*o + 19 = 3*z, -o + 5*z - 33 = -f*o. Suppose d + o*d = 36. Calculate the greatest common divisor of 12 and d.
12
Let u be (570/25)/(4/10). What is the greatest common divisor of 19 and u?
19
Let w(h) = h**2 + 10*h + 11. Let v be w(-10). Let k = -1 + v. Let g(d) = 5*d. Let f be g(6). What is the greatest common divisor of k and f?
10
Let g(v) = v**2 - 3*v - 88. Let o be g(15). Calculate the greatest common factor of 4 and o.
4
Suppose 0*m + 23 = 2*m - 3*q, 5*q + 15 = 0. Let x be -4 - 3 - (-1 + -2). Let z be ((-177)/12 - 1)*x. What is the highest common factor of z and m?
7
Let u(j) = j**3 + 6*j**2 + 3*j - 2. Suppose 2*w + 3 = -5. Let m be u(w). Calculate the highest common divisor of 6 and m.
6
Let x = -80 - -188. What is the greatest common factor of x and 12?
12
Let i = -43 - -31. Suppose 0 = 2*h + 2*h - 3*q - 24, -2*h + 3*q + 12 = 0. Let c be 70/h + (-4)/i. Calculate the greatest common divisor of c and 18.
6
Let m = -53 - -58. Calculate the greatest common factor of m and 55.
5
Let d(l) = -l**3 - 2*l**2 - 4*l - 3. Let m be d(-2). Let t = 6 - 5. Let x be t/3*0 + 40. What is the greatest common factor of m and x?
5
Let b be 118*1 + (-2 - -1). Let p be 4/14 - 198/7. Let h = p + 41. Calculate the greatest common divisor of b and h.
13
Let f = -48 + 72. Let p be (-1)/(-6 - 69/(-12)). What is the highest common factor of f and p?
4
Suppose -891 = s - 12*s. Calculate the greatest common divisor of 54 and s.
27
Let q = 4 + 1. Suppose -6*s + q = -s. Let o(m) = -m**2 + 9*m + 11. Let x be o(9). Calculate the highest common divisor of x and s.
1
Suppose 0 = x + x - 6. Suppose 74 = x*h - 61. Calculate the greatest common factor of 5 and h.
5
Let n(r) = 11*r**2 + 4*r - 12. Let v be n(-5). Calculate the greatest common divisor of v and 27.
27
Suppose z + 3 = 8. Suppose z*k + 4 = 19. Suppose 2*h - 4 = -p + 5, 5*h - k*p - 6 = 0. Calculate the greatest common divisor of h and 2.
1
Let c = 223 + -148. Let z be 160/12*(-27)/(-12). What is the highest common divisor of c and z?
15
Let y = 320 + 293. Suppose -4*m = -5*x + y, -3*x + 381 = m + m. What is the greatest common divisor of x